{"id":55,"date":"2020-11-27T18:20:27","date_gmt":"2020-11-27T17:20:27","guid":{"rendered":"http:\/\/www.megasun-boulognesurmer.com\/?page_id=55"},"modified":"2020-11-27T18:20:27","modified_gmt":"2020-11-27T17:20:27","slug":"page-tarifs","status":"publish","type":"page","link":"https:\/\/test.megasun-boulognesurmer.com\/?page_id=55","title":{"rendered":"Tarifs"},"content":{"rendered":"<h5><span style=\"color: #ffcc00;\">TARIFS UV<\/span><\/h5>\n<p>Des prix attractifs \u00e0 partir de 2 \u20ac la s\u00e9ance<\/p>\n<p>\u203a\u203a\u203a FACIAL 360 : bronzage turbo visage buste, dos et main avec musique et aquacool.<\/p>\n<p>\u203a\u203a\u203a INTEGRAL 4000 ET 5600 : lit int\u00e9gral pour peau mixte avec clim et musique.<\/p>\n<p>\u203a\u203a\u203a INTEGRAL 6800 : lit int\u00e9gral XXL turbo ergonomique pour peau mixte avec clim, guide vocal, musique, aquacool (brumisation d&rsquo;eau fra\u00eeche) et aroma (diffusion d&rsquo;ar\u00f4me ou d&rsquo;huile essentielle).<\/p>\n<p><img class=\"size-medium wp-image-174 aligncenter\" src=\"http:\/\/www.megasun-boulognesurmer.com\/wp-content\/uploads\/2020\/12\/tarifs-machines-megasun-boulognesurmer.png\" alt=\"\" \/><\/p>\n<div class='content-column one_half'><div style=\"\"><table style=\"width: 500px;\" border=\"0\" cellspacing=\"0\" cellpadding=\"0\">\n<tbody>\n<tr>\n<td colspan=\"7\"><\/td>\n<\/tr>\n<tr>\n<td style=\"text-align: center; font-weight: bold; background-color: #fdc900;\" colspan=\"7\">SEANCE UV<\/td>\n<\/tr>\n<tr>\n<td style=\"text-align: left;\" nowrap><strong>Dur\u00e9e de la s\u00e9ance<\/strong><\/td>\n<td style=\"text-align: center;\" nowrap>5 min<\/td>\n<td style=\"text-align: center;\" nowrap>10 min<\/td>\n<td style=\"text-align: center;\" nowrap>15 min<\/td>\n<td style=\"text-align: center;\" nowrap>20 min<\/td>\n<td style=\"text-align: center;\" nowrap>25 min<\/td>\n<td style=\"text-align: center;\" nowrap>30 min<\/td>\n<\/tr>\n<tr>\n<td style=\"text-align: left;\" nowrap><strong>Int\u00e9gral 4000<\/strong><\/td>\n<td style=\"text-align: center;\" nowrap>2 \u20ac<\/td>\n<td style=\"text-align: center;\" nowrap>4 \u20ac<\/td>\n<td style=\"text-align: center;\" nowrap>6 \u20ac<\/td>\n<td style=\"text-align: center;\" nowrap>8 \u20ac<\/td>\n<td style=\"text-align: center;\" nowrap>10 \u20ac<\/td>\n<td style=\"text-align: center;\" nowrap>12 \u20ac<\/td>\n<\/tr>\n<tr>\n<td style=\"text-align: left;\" nowrap><strong>Int\u00e9gral 5600<\/strong><\/td>\n<td style=\"text-align: center;\" nowrap>3 \u20ac<\/td>\n<td style=\"text-align: center;\" nowrap>6 \u20ac<\/td>\n<td style=\"text-align: center;\" nowrap>9 \u20ac<\/td>\n<td style=\"text-align: center;\" nowrap>12 \u20ac<\/td>\n<td style=\"text-align: center;\" nowrap>15 \u20ac<\/td>\n<td style=\"text-align: center;\" nowrap>18 \u20ac<\/td>\n<\/tr>\n<tr>\n<td style=\"text-align: left;\" nowrap><strong>Facial<\/strong><\/td>\n<td style=\"text-align: center;\" nowrap>2.50 \u20ac<\/td>\n<td style=\"text-align: center;\" nowrap>5 \u20ac<\/td>\n<td style=\"text-align: center;\" nowrap>7.50 \u20ac<\/td>\n<td style=\"text-align: center;\" nowrap>10 \u20ac<\/td>\n<td style=\"text-align: center;\" nowrap>12.50 \u20ac<\/td>\n<td style=\"text-align: center;\" nowrap>15 \u20ac<\/td>\n<\/tr>\n<tr>\n<td style=\"text-align: left;\" nowrap><strong>Int\u00e9gral 6800<\/strong><\/td>\n<td style=\"text-align: center;\" nowrap>5 \u20ac<\/td>\n<td style=\"text-align: center;\" nowrap>10 \u20ac<\/td>\n<td style=\"text-align: center;\" nowrap>15\u20ac<\/td>\n<td style=\"text-align: center;\" nowrap>20 \u20ac<\/td>\n<td style=\"text-align: center;\" nowrap>25\u20ac<\/td>\n<td style=\"text-align: center;\" nowrap>30 \u20ac<\/td>\n<\/tr>\n<\/tbody>\n<\/table><\/div><\/div><div class='content-column one_half last_column'><div style=\"\"><table style=\"width: 350px;\" border=\"0\" cellspacing=\"0\" cellpadding=\"0\">\n<tbody>\n<tr>\n<td><\/td>\n<\/tr>\n<tr>\n<td style=\"text-align: center; font-weight: bold; background-color: #fdc900;\">CARTE PREPAYEE<\/td>\n<\/tr>\n<tr>\n<td style=\"text-align: center;\"><strong>50 \u20ac<\/strong><\/td>\n<\/tr>\n<tr>\n<td style=\"text-align: center;\"><strong>75 \u20ac<\/strong><\/td>\n<\/tr>\n<tr>\n<td style=\"text-align: center;\"><strong>100 \u20ac<\/strong><\/td>\n<\/tr>\n<tr>\n<td style=\"text-align: center;\"><strong>150 \u20ac<\/strong><\/td>\n<\/tr>\n<tr>\n<td style=\"text-align: center;\"><strong>200 \u20ac<\/strong><\/td>\n<\/tr>\n<\/tbody>\n<\/table><\/div><\/div><div class='clear_column'><\/div><\/p>\n<h5><span style=\"color: #ffcc00;\">TARIFS AUTRES PRESTATIONS<\/span><\/h5>\n<div class='content-column one_half'><div style=\"\"><table style=\"width: 350px;\" border=\"0\" cellspacing=\"0\" cellpadding=\"0\">\n<tbody>\n<tr>\n<td colspan=\"2\"><\/td>\n<\/tr>\n<tr>\n<td style=\"text-align: center; font-weight: bold; background-color: #fdc900;\" colspan=\"2\">EXTENSIONS DE CILS<\/td>\n<\/tr>\n<tr>\n<td style=\"text-align: left;\">Pose naturelle<\/td>\n<td>60 \u20ac<\/td>\n<\/tr>\n<tr>\n<td style=\"text-align: left;\">Remplissage naturelle<\/td>\n<td>30 \u20ac<\/td>\n<\/tr>\n<tr>\n<td style=\"text-align: left;\">Pose glamour<\/td>\n<td>80 \u20ac<\/td>\n<\/tr>\n<tr>\n<td style=\"text-align: left;\">Remplissage glamour<\/td>\n<td>50 \u20ac<\/td>\n<\/tr>\n<tr>\n<td style=\"text-align: left;\">Pose sophistiqu\u00e9e (volume russe)<\/td>\n<td>110 \u20ac<\/td>\n<\/tr>\n<tr>\n<td style=\"text-align: left;\">Remplissage sophistiqu\u00e9e<\/td>\n<td>60 \u20ac<\/td>\n<\/tr>\n<tr>\n<td><\/td>\n<td><\/td>\n<\/tr>\n<tr>\n<td style=\"text-align: center; font-weight: bold; background-color: #fdc900;\" colspan=\"2\">MICROBLADING<\/td>\n<\/tr>\n<tr>\n<td style=\"text-align: left;\">Sourcils complet<\/td>\n<td>250 \u20ac<\/td>\n<\/tr>\n<tr>\n<td style=\"text-align: left;\">Entretien annuel (18 mois max)<\/td>\n<td>150 \u20ac<\/td>\n<\/tr>\n<tr>\n<td style=\"text-align: left;\">T\u00eate de sourcils<\/td>\n<td>125 \u20ac<\/td>\n<\/tr>\n<tr>\n<td style=\"text-align: left;\">Entretien annuel (18 mois max)<\/td>\n<td>70 \u20ac<\/td>\n<\/tr>\n<tr>\n<td style=\"text-align: left;\">Queue de sourcils<\/td>\n<td>125 \u20ac<\/td>\n<\/tr>\n<tr>\n<td style=\"text-align: left;\">Entretien annuel (18 mois max)<\/td>\n<td>70 \u20ac<\/td>\n<\/tr>\n<tr>\n<td style=\"text-align: left;\">Retouche suppl\u00e9mentaire<br \/>\n(sous 6 mois max)<\/td>\n<td>50 \u20ac<\/td>\n<\/tr>\n<tr>\n<td><\/td>\n<td><\/td>\n<\/tr>\n<tr>\n<td style=\"text-align: center; font-weight: bold; background-color: #fdc900;\" colspan=\"2\">EPILATION VISAGE<\/td>\n<\/tr>\n<tr>\n<td style=\"text-align: left;\">Cr\u00e9ation sourcils<\/td>\n<td>10 \u20ac<\/td>\n<\/tr>\n<tr>\n<td style=\"text-align: left;\">Entretien sourcils<\/td>\n<td>7 \u20ac<\/td>\n<\/tr>\n<tr>\n<td style=\"text-align: left;\">L\u00e8vres<\/td>\n<td>7 \u20ac<\/td>\n<\/tr>\n<tr>\n<td style=\"text-align: left;\">Menton<\/td>\n<td>7 \u20ac<\/td>\n<\/tr>\n<\/tbody>\n<\/table><\/div><\/div><div class='content-column one_half last_column'><div style=\"\"><table style=\"width: 350px;\" border=\"0\" cellspacing=\"0\" cellpadding=\"0\">\n<tbody>\n<tr>\n<td colspan=\"2\"><\/td>\n<\/tr>\n<tr>\n<td style=\"text-align: center; font-weight: bold; background-color: #fdc900;\" colspan=\"2\">VERNIS SEMI-PERMANENT | Mains \/ Pieds<\/td>\n<\/tr>\n<tr>\n<td style=\"text-align: left;\">Couleur<\/td>\n<td>25 \u20ac \/ 30 \u20ac<\/td>\n<\/tr>\n<tr>\n<td style=\"text-align: left;\">French<\/td>\n<td>30 \u20ac \/ 35 \u20ac<\/td>\n<\/tr>\n<tr>\n<td style=\"text-align: left;\">Forfait pose mains et pieds<\/td>\n<td>50 \u20ac<\/td>\n<\/tr>\n<tr>\n<td style=\"text-align: left;\">R\u00e9paration<\/td>\n<td>3 \u20ac<\/td>\n<\/tr>\n<tr>\n<td style=\"text-align: left;\">D\u00e9pose<\/td>\n<td>5 \u20ac<\/td>\n<\/tr>\n<tr>\n<td style=\"text-align: left;\">D\u00e9pose + Manucure<\/td>\n<td>10 \u20ac<\/td>\n<\/tr>\n<tr>\n<td><\/td>\n<td><\/td>\n<\/tr>\n<tr>\n<td style=\"text-align: center; font-weight: bold; background-color: #fdc900;\" colspan=\"2\">ONGLES EN GEL<\/td>\n<\/tr>\n<tr>\n<td style=\"text-align: left;\">EXTENSION<\/td>\n<td><\/td>\n<\/tr>\n<tr>\n<td style=\"text-align: left; padding-left: 30px;\">Couleur<\/td>\n<td>50 \u20ac<\/td>\n<\/tr>\n<tr>\n<td style=\"text-align: left; padding-left: 30px;\">French<\/td>\n<td>55 \u20ac<\/td>\n<\/tr>\n<tr>\n<td style=\"text-align: left;\">GAINAGE<\/td>\n<td><\/td>\n<\/tr>\n<tr>\n<td style=\"text-align: left; padding-left: 30px;\">Couleur<\/td>\n<td>38 \u20ac<\/td>\n<\/tr>\n<tr>\n<td style=\"text-align: left; padding-left: 30px;\">French<\/td>\n<td>40 \u20ac<\/td>\n<\/tr>\n<tr>\n<td style=\"text-align: left;\">REMPLISSAGE<\/td>\n<td><\/td>\n<\/tr>\n<tr>\n<td style=\"text-align: left; padding-left: 30px;\">Couleur<\/td>\n<td>35 \u20ac<\/td>\n<\/tr>\n<tr>\n<td style=\"text-align: left; padding-left: 30px;\">French<\/td>\n<td>40 \u20ac<\/td>\n<\/tr>\n<tr>\n<td style=\"text-align: left;\">DEPOSE<\/td>\n<td>25 \u20ac<\/td>\n<\/tr>\n<tr>\n<td style=\"text-align: left;\">REPARATION<\/td>\n<td>5 \u20ac<\/td>\n<\/tr>\n<tr>\n<td><\/td>\n<td><\/td>\n<\/tr>\n<tr>\n<td style=\"text-align: center; font-weight: bold; background-color: #fdc900;\" colspan=\"2\">NAIL ART<\/td>\n<\/tr>\n<tr>\n<td style=\"text-align: left;\">Strass &#8211; Paillettes<\/td>\n<td rowspan=\"2\">1 \u20ac l&rsquo;ongle<\/td>\n<\/tr>\n<tr>\n<td style=\"text-align: left;\">D\u00e9grad\u00e9s &#8211; D\u00e9cors<\/td>\n<\/tr>\n<\/tbody>\n<\/table><\/div><\/div><div class='clear_column'><\/div><\/p>\n","protected":false},"excerpt":{"rendered":"<p>TARIFS UV Des prix attractifs \u00e0 partir de 2 \u20ac la s\u00e9ance \u203a\u203a\u203a FACIAL 360 : bronzage turbo visage buste, dos et main avec musique et aquacool. \u203a\u203a\u203a INTEGRAL 4000 ET 5600 : lit int\u00e9gral pour peau mixte avec clim et musique. \u203a\u203a\u203a INTEGRAL 6800 : lit int\u00e9gral XXL turbo ergonomique pour peau mixte avec [&hellip;]<\/p>\n","protected":false},"author":1,"featured_media":0,"parent":0,"menu_order":0,"comment_status":"closed","ping_status":"closed","template":"","meta":[],"yoast_head":"<!-- This site is optimized with the Yoast SEO plugin v15.4 - https:\/\/yoast.com\/wordpress\/plugins\/seo\/ -->\n<title>Tarifs - MS Test<\/title>\n<meta name=\"robots\" content=\"noindex, follow, max-snippet:-1, max-image-preview:large, max-video-preview:-1\" \/>\n<meta property=\"og:locale\" content=\"fr_FR\" \/>\n<meta property=\"og:type\" content=\"article\" \/>\n<meta property=\"og:title\" content=\"Tarifs - MS Test\" \/>\n<meta property=\"og:description\" content=\"TARIFS UV Des prix attractifs \u00e0 partir de 2 \u20ac la s\u00e9ance \u203a\u203a\u203a FACIAL 360 : bronzage turbo visage buste, dos et main avec musique et aquacool. \u203a\u203a\u203a INTEGRAL 4000 ET 5600 : lit int\u00e9gral pour peau mixte avec clim et musique. \u203a\u203a\u203a INTEGRAL 6800 : lit int\u00e9gral XXL turbo ergonomique pour peau mixte avec [&hellip;]\" \/>\n<meta property=\"og:url\" content=\"https:\/\/test.megasun-boulognesurmer.com\/?page_id=55\" \/>\n<meta property=\"og:site_name\" content=\"MS Test\" \/>\n<meta property=\"og:image\" content=\"http:\/\/www.megasun-boulognesurmer.com\/wp-content\/uploads\/2020\/12\/tarifs-machines-megasun-boulognesurmer.png\" \/>\n<meta name=\"twitter:card\" content=\"summary_large_image\" \/>\n<meta name=\"twitter:label1\" content=\"\u00c9crit par\">\n\t<meta name=\"twitter:data1\" content=\"admin\">\n\t<meta name=\"twitter:label2\" content=\"Dur\u00e9e de lecture est.\">\n\t<meta name=\"twitter:data2\" content=\"1 minute\">\n<script type=\"application\/ld+json\" class=\"yoast-schema-graph\">{\"@context\":\"https:\/\/schema.org\",\"@graph\":[{\"@type\":\"WebSite\",\"@id\":\"https:\/\/test.megasun-boulognesurmer.com\/#website\",\"url\":\"https:\/\/test.megasun-boulognesurmer.com\/\",\"name\":\"MS Test\",\"description\":\"\",\"potentialAction\":[{\"@type\":\"SearchAction\",\"target\":\"https:\/\/test.megasun-boulognesurmer.com\/?s={search_term_string}\",\"query-input\":\"required name=search_term_string\"}],\"inLanguage\":\"fr-FR\"},{\"@type\":\"ImageObject\",\"@id\":\"https:\/\/test.megasun-boulognesurmer.com\/?page_id=55#primaryimage\",\"inLanguage\":\"fr-FR\",\"url\":\"http:\/\/www.megasun-boulognesurmer.com\/wp-content\/uploads\/2020\/12\/tarifs-machines-megasun-boulognesurmer.png\"},{\"@type\":\"WebPage\",\"@id\":\"https:\/\/test.megasun-boulognesurmer.com\/?page_id=55#webpage\",\"url\":\"https:\/\/test.megasun-boulognesurmer.com\/?page_id=55\",\"name\":\"Tarifs - MS Test\",\"isPartOf\":{\"@id\":\"https:\/\/test.megasun-boulognesurmer.com\/#website\"},\"primaryImageOfPage\":{\"@id\":\"https:\/\/test.megasun-boulognesurmer.com\/?page_id=55#primaryimage\"},\"datePublished\":\"2020-11-27T17:20:27+00:00\",\"dateModified\":\"2020-11-27T17:20:27+00:00\",\"inLanguage\":\"fr-FR\",\"potentialAction\":[{\"@type\":\"ReadAction\",\"target\":[\"https:\/\/test.megasun-boulognesurmer.com\/?page_id=55\"]}]}]}<\/script>\n<!-- \/ Yoast SEO plugin. -->","_links":{"self":[{"href":"https:\/\/test.megasun-boulognesurmer.com\/index.php?rest_route=\/wp\/v2\/pages\/55"}],"collection":[{"href":"https:\/\/test.megasun-boulognesurmer.com\/index.php?rest_route=\/wp\/v2\/pages"}],"about":[{"href":"https:\/\/test.megasun-boulognesurmer.com\/index.php?rest_route=\/wp\/v2\/types\/page"}],"author":[{"embeddable":true,"href":"https:\/\/test.megasun-boulognesurmer.com\/index.php?rest_route=\/wp\/v2\/users\/1"}],"replies":[{"embeddable":true,"href":"https:\/\/test.megasun-boulognesurmer.com\/index.php?rest_route=%2Fwp%2Fv2%2Fcomments&post=55"}],"version-history":[{"count":0,"href":"https:\/\/test.megasun-boulognesurmer.com\/index.php?rest_route=\/wp\/v2\/pages\/55\/revisions"}],"wp:attachment":[{"href":"https:\/\/test.megasun-boulognesurmer.com\/index.php?rest_route=%2Fwp%2Fv2%2Fmedia&parent=55"}],"curies":[{"name":"wp","href":"https:\/\/api.w.org\/{rel}","templated":true}]}}